ivided by d(10).
42
Suppose -2*i + 84 = 2*d, -5*i + 196 = -3242*d + 3246*d. Let t = 225 - 86. What is the remainder when t is divided by i?
27
Suppose 17 = -7*g - 11. Calculate the remainder when 54 is divided by 9 - (1 - 2)*(-20)/g.
12
Let f be (-5)/(14 + -54)*8. Suppose 2*x - 58 = q + 40, 4*x - 5*q = 196. Calculate the remainder when x/21*f*3*3 is divided by 11.
10
Suppose -73*o + 849 + 10019 = 575. What is the remainder when o is divided by 2?
1
Suppose g = -w + 111, w - 105 = -0*w - 3*g. Let t = w + -119. What is the remainder when (5 + (t - -6))*(37 - -1) is divided by 23?
21
Suppose 4*v = -4*w - 19 + 115, 4*w - v = 121. Let b = -6 + -10. Let a = b + 26. Calculate the remainder when w is divided by a.
9
Suppose 4*x - 12 = -2*x. Suppose w - 3*w + x = 0. Calculate the remainder when 55 is divided by 58/(4/w - 2).
26
Suppose -s = 3, 0*w + 41 = -2*w - 5*s. Let o(p) = -6*p + 21. Suppose -4*j = -2*a + 90, -4*a + 189 = -4*j - j. Calculate the remainder when o(w) is divided by a.
48
Suppose z + 459 = 3*n - 107, -4*n + 756 = -z. Let c = 196 - n. Calculate the remainder when 43 is divided by c.
1
Let m = -33 + 37. Suppose -7*y = 1 + 34. Calculate the remainder when (y/m - 1/4)*-26 is divided by 10.
9
Suppose -24*n = 81 - 321. What is the remainder when 546 is divided by n?
6
Suppose 0 = 131*i - 101*i - 14880. What is the remainder when 1006 is divided by i?
14
Suppose -5*t = 51*x - 49*x - 26, 131 = 5*x - 4*t. Let a = 768 + -151. What is the remainder when a is divided by x?
19
Suppose 6*s - 35 = s. Suppose -5*a = -8 - s. Suppose 0 = 2*y - a*b - b - 78, 3*y + 2*b - 149 = 0. Calculate the remainder when y is divided by 16.
15
Let r = -19539 + 19560. Let u = -20 + 35. Calculate the remainder when r is divided by u.
6
Suppose 41 = 4*d - 3*d. What is the remainder when d is divided by (-76*134/(-3819))/((-14)/18 + 1)?
5
Let b(c) = c**3 - 2*c**2 - 45*c + 168. Calculate the remainder when ((-291)/12)/((-1)/4) is divided by b(4).
17
Let n(z) = -z**3 + 19*z**2 - 4*z - 22. Let d be n(18). Let j = d + -47. Suppose 10*h - j = 7*h. What is the remainder when h is divided by 16?
13
Let j(v) = 18*v + 57. What is the remainder when j(-2) is divided by ((-3 - (-4 - -5)) + -1)/(-1)?
1
Let o(w) = -w + 3. Let n = -26 + 28. Suppose n*t = 4*t. What is the remainder when o(t) is divided by 2?
1
Suppose 3*d - 11 = k, 5*d + k - 6 = -1. Let q(i) = 7*i + 12 + 2*i + 8*i**d - 13*i. What is the remainder when q(4) is divided by 14?
12
Suppose 4*p + 7*i = -8303 + 22456, -i = 5. Calculate the remainder when p is divided by 16.
11
Let k(z) = -8*z - 242. Let f be k(-41). Suppose -26 = -2*p + f. Calculate the remainder when 180 is divided by p.
12
Let p = 37 - -12. Suppose -5*o + 32 = l, 3*l - 2*o - 13 = p. Suppose -70 = -2*g - j + 193, 0 = -g - j + 134. Calculate the remainder when g is divided by l.
19
Let i(a) = 4*a**2 + 229*a - 1474. What is the remainder when 14470 is divided by i(6)?
38
Suppose -4*z + 1493 = 4*g + 541, 6*g = z - 217. Calculate the remainder when 5168 is divided by z.
233
Let d = 183 + -96. Suppose 12 = -5*h + d. What is the remainder when 193 is divided by h?
13
Let l(a) = 4*a**2 + 46*a + 129. What is the remainder when l(-8) is divided by (-120)/18*(-6)/4?
7
Suppose 4*h = s - 6817, 3*s + 5*h = 13992 + 6442. What is the remainder when s is divided by 96?
93
Let b = -6267 + 6396. Calculate the remainder when 518 is divided by b.
2
Suppose 0 = -5*q + 5*m - 20, m - 4 = -4*q - 5. Calculate the remainder when (2 - 90/q) + 3 is divided by 48.
47
Let h(l) = l**2 - 21*l - 45. Let a be h(-2). Let x(u) = u**3 + 15*u**3 + u**2 + 17*u**3. What is the remainder when x(a) is divided by 6?
4
Let w(q) = q**3 + 9*q**2 - 5*q - 12. Let l(j) = -j**3 - j**2 + 2*j + 10. Let f be l(-4). Let o = 73 - f. What is the remainder when w(-4) is divided by o?
19
Let f be -19*(1 + -2) - -2. Suppose 0 = -4*i + f + 7. Suppose 56 = 4*u + 2*z, -2*z = -99 + 87. What is the remainder when u is divided by i?
4
Let y be (3 - -1)*(-713)/(-62) - -4. Suppose -2*m + y - 20 = 0. What is the remainder when 162 is divided by m?
12
Suppose 5*o = -5*p + 280, -14*p + 9*p + 250 = -5*o. Suppose -3*i = -2*x - 84, -9*x = 4*i - 4*x - 112. What is the remainder when p is divided by i?
25
Suppose 3*q - 58 = 50. Calculate the remainder when 216 + 1/1*-1 is divided by q.
35
Let d(j) = -j**3 - 4*j**2 - 8*j + 3. Calculate the remainder when d(-6) is divided by (4 + -3)*(26 + (-7 - 14)) + 4.
6
Let g = 76 + -70. Let t be (6 + -4)*51/g. Suppose 0*i - 323 = -t*i. Calculate the remainder when 69 is divided by i.
12
Let d(b) = 3*b**2 + 381*b - 1540. Calculate the remainder when 766 is divided by d(4).
30
Let v = 327 + -336. Let n(o) = -13*o - 36. Let i = -30 - -51. Calculate the remainder when n(v) is divided by i.
18
Let p = -6946 - -8141. Calculate the remainder when p is divided by 589.
17
Suppose -669*o + 673 = -668*o. What is the remainder when o is divided by 30?
13
Suppose -4 = 131*k - 129*k, -j = -k - 82. What is the remainder when 262 is divided by j?
22
Let a be 12/(-9)*-3*(-1)/(-2). Suppose 5*q + 88 = -3*g, 0 = 5*g - a*q + 5*q + 152. Calculate the remainder when 39 is divided by g/(-4) - 2/(-8).
7
Suppose -u - u = 2, -2*k - 4*u = -32. What is the remainder when 360/(-21)*(-7 + (-35)/(-10)) is divided by k?
6
Let h(o) = -21*o - 78. Let k be h(-24). Let u = k - 336. Calculate the remainder when u is divided by 51.
39
Suppose -183*k = 192*k - 836250. What is the remainder when k is divided by 56?
46
Let a(r) = -28*r - 146. Let h be a(-6). Suppose 2*t - 7*x = -2*x + 21, 2*x - h = -3*t. Let s = -8 - -21. Calculate the remainder when s is divided by t.
5
Suppose 159*n = 166*n - 14. Suppose n*l - 13*l = -176. What is the remainder when 127 is divided by l?
15
Suppose -3*o + 36 = d, 5*d + 4*o - 2*o - 128 = 0. Suppose 18*g + d = 19*g. Calculate the remainder when 104 is divided by g.
8
What is the remainder when 908 is divided by ((-259)/74 - 2/(-4))/((-6)/28)?
12
Let d be ((-12)/(-10))/(14/35). Let h be (d + -4 + -1)*-1. Suppose -2*c + 38 = -2*r, -h*c + 0*c + r = -36. Calculate the remainder when c is divided by 7.
3
Calculate the remainder when 22008/6 - (-9 + 2) - (0 - 0) is divided by 42.
21
Suppose 4*t = -8*m + 5*m + 2038, 2*m - 1344 = t. What is the remainder when m is divided by 178?
140
Suppose 2760 = 18*v + 6*v. Let i = 137 + -98. Calculate the remainder when v is divided by i.
37
Let r(y) be the third derivative of y**4/12 - 13*y**3/2 - 5*y**2. Let c be r(17). Let i = 0 - c. Calculate the remainder when 8 is divided by i.
3
Suppose 0 = -39*b + 17*b - 22. Calculate the remainder when ((-128)/(-8))/(-4) + (-62)/b is divided by 10.
8
Let s(o) = 2*o**2 - 7*o**3 + 11*o**3 - 3 + 0 + 7*o**3. Calculate the remainder when 34 is divided by s(1).
4
Suppose d - 10 = 5. Suppose -3 - d = -2*x. Suppose -9*j = -4*n - 6*j + 92, 11*j + 40 = 6*j. Calculate the remainder when n is divided by x.
8
Let w be 10 + (14 + 1)*5/(-15). Suppose w*z = -10, -22*d + 3*z = -21*d - 31. Calculate the remainder when d is divided by 11.
3
Let f(z) = -48*z - 140. Suppose -17*t = -10*t + 112. Calculate the remainder when f(t) is divided by 30.
28
Let v(q) = -4*q - 7. Let d(h) = -3*h - 7. Let n(g) = -3*d(g) + 4*v(g). What is the remainder when 39 is divided by n(-3)?
11
Let l(x) = 15*x**2 + 47*x + 10. Calculate the remainder when l(-7) is divided by 12.
8
What is the remainder when 388 is divided by (-12 + 3)/(666/114 + -6)?
46
Let q(z) = z**3 - 2*z**2 - z + 6. Let i = 3763 + -3612. Calculate the remainder when i is divided by q(3).
7
What is the remainder when (54/3)/(65128/2828 + -23) is divided by 89?
72
Let r = 217 - 217. Suppose -28*l + 21*l + 420 = r. What is the remainder when l is divided by 32?
28
Suppose -5 = -i - 2*a, -a = 4*i - 4*a - 42. Let y = 1 - -3. Suppose 0 = y*d - 102 - 38. What is the remainder when d is divided by i?
8
Let u(s) = -s**3 - 32*s**2 - 64*s + 6. What is the remainder when 3524 is divided by u(-30)?
122
Suppose -99*j + 50099 + 882 = -42376. What is the remainder when j is divided by 22?
19
Suppose 59*y - 40970 = -22*y - 4*y. What is the remainder when y is divided by 104?
66
Let l be -480 + (1/(-3))/(4/12). Let u = l - -500. What is the remainder when 98 is divided by u?
3
Suppose 152*r + 239*r - 247948 - 159865 = 0.